8 - (-59 + -4).
48
What is 65 - (6 - -60 - 55)?
54
24 + (-5 - 53) + 14
-20
Evaluate -11 + -1 - (-14 + -35 + 63 + (-11 - 3)).
-12
-29 + 2 - (55 + (33 - 92))
-23
What is the value of -42 + (90 - 48 - (4 + -32))?
28
What is the value of 1 - (10 + 0) - ((-26 - 137) + 187)?
-33
8 - (-8 - (-11 - (36 - 6)) - -8)
-33
What is the value of -5545 + 5564 - (-36 - 1)?
56
What is (1 - (8 + 6) - -24) + -22 + -22?
-33
Calculate 6166 + -6203 - (-1 + -5).
-31
1 + (-26 - -7) + 9 - -13
4
Calculate -306 + 202 + 23 + -4.
-85
Evaluate 1756 - 1775 - (-2 - 39).
22
Calculate 37 + (34 - 11 - 4) + -28.
28
What is -142 + 78 + 90 + -20?
6
-37 - (2 - 14 - (3 + 37 + -60))
-45
-7 + (22 - 22) + -14 + 3 + 85
67
Calculate 0 - 80 - (-78 + (55 - 5) + 32).
-84
Calculate (4 - (-88 + -44)) + -131.
5
What is 60 + -7 + 31 + -51 + -106?
-73
Calculate (-66 + 157 - 88) + (-1 + 4 - -26) + 4.
36
What is the value of (1 - -97 - 2) + (42 + -128 - -79)?
89
-7 + (2 + -2 - -5 - (30 + (-31 - 6)))
5
What is the value of -8 + (37 - (115 + -48))?
-38
Evaluate -9 - (-1 - 50 - (-19 + 3 - -12 - -8)).
46
Calculate -53 + (6 - 8 - (-2 - (13 - 15))) - 5.
-60
Calculate -5 + -5 - 3 - (149 + -194).
32
What is (-9 - -23) + (-6 - (-3 - -3)) + -10?
-2
Evaluate 108 + 1 + (-313 - -572) + -243.
125
Evaluate 45 - 16 - 43 - (-5 + 2 + 3).
-14
6 + (-3 - (-13 + 18 + 69) - 10)
-81
-440 + 436 - (-1 + 3) - 24
-30
(17 - 48) + 83 - 57
-5
What is (-48 - -8) + -394 + 377?
-57
What is 23 + (8 + -23 - (14 - 3))?
-3
(4 - 0) + -12 - (9 + -11 + 22)
-28
Calculate 48 + -1 + (-1122 - -1178).
103
Evaluate -51 + 8 - (38 + -39).
-42
Calculate (-89 + 93 - (-5 + 5 + -2)) + 58 + -1.
63
Calculate 62 + (5 - 17 - (66 - 32 - 47)).
63
What is the value of -52 + (21 - ((0 - 23) + 27))?
-35
What is (29 - (58 - (3 + -23 + 8))) + (10 - 0)?
-31
What is the value of 6 + -109 + 989 + -866?
20
What is the value of 37 + (-1 - -55) + -24?
67
(-1 - 16) + (37 + 44 - 32 - 38)
-6
What is 11 - (-2 + (1 - -1) - 11 - (400 - 516))?
-94
What is -22 + 12 - (4 - 12) - 13?
-15
What is the value of (-206 - -268) + (-30 - -98)?
130
What is the value of (-2 - -158) + -533 + 469?
92
Evaluate -42 + (162 - 120) - ((-9 - -2) + 0).
7
Evaluate -30 + -43 + 4 + 39.
-30
What is -4 + (26 - (33 + 0) - (1 + 4 - -5))?
-21
-61 - -56 - (289 + -147)
-147
Evaluate 72 + 3 - (-16 - -52 - 33).
72
Calculate (92 + -98 - -48) + (1 - (2 + -13)) - 12.
42
(-271 - -225 - -40) + 0 + -1 + -15
-22
What is the value of (-19 - (40 + 22)) + 38?
-43
What is the value of -32 - -1 - (-16 + -3 + (-3 - -13))?
-22
What is the value of (2 - 22) + -6 + -56 + (9 - 29)?
-102
Calculate 8 - -3 - ((10 + 38 - 3) + 24).
-58
Evaluate -20 - 51 - (5 + (9 - (18 + -19))).
-86
(20 - 81 - -66) + 93 + 6
104
-1 - 16 - (-16 - (-26 - -13 - 95))
-109
Calculate (6 - -9 - 8 - 21) + (0 - -29).
15
-8 + -26 + 0 + -2 + -2 + 78 + -63
-23
What is (-7 - (4 + -1) - -11) + -4 + -36?
-39
What is 120 - (79 - -7 - 22)?
56
Evaluate 0 + (-3 - 5) + 69 + 14 + -28 + -13.
34
What is the value of (-16 - 1) + (1536 - 1514)?
5
What is the value of 37 + -37 - (-6 - (-2 + -3) - 48)?
49
Evaluate (8 - 69) + (15 - (-1 - (-13 - -6))).
-52
Evaluate -21 + (24 - (1 - -2)) - -58.
58
(10 - -107) + (53 + -30 - 59)
81
(5 + (-4 - 5) - 6 - -4) + -3 - 39
-48
What is -16 + 103 + 3 + 3 + 1 + -21 + 29?
102
Calculate 33 - (11 + 26 + -55).
51
(1 - 9) + -68 + -3 - (-7 - (-9 + 10))
-71
0 + 40 + (3 - -15 - 2 - 17) - -7
46
What is (-5 - (3 + 34)) + -10?
-52
What is 1 + -6 + -2 + 16 - (5 - -62)?
-58
What is the value of (-94 - -2) + -22 + 24 + 125 + -120?
-85
What is (24 - (21 - 3)) + 17 + 23?
46
What is -11 + (32 - (4 - -6 - 34))?
45
Calculate 6 + 11 + -39 + 55.
33
What is 255 - 256 - (0 + 0 - 22)?
21
What is the value of -25 - (25 - 55) - 72?
-67
What is the value of 25 + (20 - 45) - (-11 + 63)?
-52
What is the value of 1 + (12 - 14) - (21 + 7 + 4 + 5)?
-38
(-5 - -28) + -13 + 0 + 55
65
33 + -2 + -12 + 1 + (5 - -2)
27
Evaluate 29 - 19 - ((-61 - -17) + 30).
24
Calculate -14 + (-3 - -10 - 62 - (-54 - -60)).
-75
Calculate 60 - (73 + -169) - 73.
83
What is the value of -102 + (0 - (14 + 0) - (99 - 117)) - 10?
-108
Calculate -5 - (12 - -7) - (32 - (22 - -12)).
-22
Evaluate -14 - (4 + 14) - ((15 - 8 - 12) + 15).
-42
What is -3 + 3 + (-44 - -75) - 4?
27
Evaluate 79 + (-10 - (-14 - 9)) + (-24 - (-12 - 6)).
86
What is (-467 - -424) + (1 - 3) + 0 - -3?
-42
What is (-21 - (-15 + 8 + 2) - -24) + -8 + -5?
-5
Calculate 12 - (-8 - (-8 + 30 + -27)).
15
What is -1 + -9 + 6 - ((-37 + 19 - -33) + -19)?
0
Evaluate 11 + 12 - (-93 + 15 + (-24 - -4)).
121
Calculate -36 - (-69 + 38 + 8).
-13
What is (-1 + 3 - 14) + 28 - 2 - 26 - 66?
-78
18 + -23 + 7 + (18 - 22 - 66)
-68
-16 - (22 + (34 - 42)) - -123
93
Calculate 1384 - 1350 - (-16 - -1).
49
Evaluate -1 + -1 + 1 + 26 + -89 + -15.
-79
Calculate -1 + -4 + 7 + -1 + 85 + (1092 - 1087).
91
Calculate (-49 - -26) + (0 - (8 - (3 + 5)) - -1).
-22
Calculate 19 + 59 + (-2 - 19 - (-29 - -17 - -4)).
65
What is (1 - 8) + (22 + -34 - 8 - -14)?
-13
What is -10 + 12 + 16 - (-61 - -72) - -53?
60
Calculate 51 + (66 - 56) + -6 + -2.
53
Evaluate -14 + 1 - -18 - (1 - 1) - -50.
55
What is the value of 24 - (-30 + 2 + 168 + -112)?
-4
What is (-48 - -15 - (-8 - (7 - 3))) + -9 + -1?
-31
Evaluate (32 - 82) + -73 - -146.
23
What is the value of -43 + 52 - (53 - 13)?
-31
114 - (72 + 52) - (0 - 52)
42
What is the value of (3 - -7) + 61 + 8 - 20?
59
What is the value of -25 + 59 + 32 + -14 + 42?
94
Evaluate (7 - 5) + -7 + (60 - 58 - -28).
25
Evaluate 8 - ((3 - -1) + -50 + 57 + 23).
-26
Calculate 23 + (27 - 23) + (-1 - (2 + -1 + -2)).
27
Evaluate -97 - (-245 + 63) - -32.
117
What is the value of 25 - 0 - ((94 - (96 - 35)) + 17)?
-25
What is (-46 - -40) + 20 + 0 + -11 - (-1 - 24)?
28
-25 + (74 - 75 - (-8 + 0)) - 9
-27
What is the value of -4 + 16 + -5 + 41 + -6 + -2?
40
(-1946 - -2029) + -55 + -1
27
Calculate (-14 - (-3 + 5) - -9) + -15 + 1.
-21
Calculate ((-14 - 3) + 1 - -23) + -64.
-57
What is -9 + -24 + (-48 - -40)?
-41
What is 4 + (16 - (36 + -49))?
33
-13 + (62 + -1 + -113 + 99 - (0 + 4))
30
What is 21 + 2 + (-1051 - -1008)?
-20
What is 2 + (-13 - (3 + 17 + (-2 - 5)))?
-24
What is -8 - ((0 - (21 + 1)) + 6)?
8
Calculate -63 + 53 - (-3 - 2) - -3 - -14.
12
What is the value of -1563 + 1524 + (-2 + 3 - -17)?
-21
What is the value of (43 - (17 - 10) - -12) + -22?
26
What is the value of (-161 - -15) + 8 + 7 - (-17 + 5)?
-119
What is the value of (97 - -59) + -178 - (-4 + -1)?
-17
What is (-13 - 8) + 10 - (-61 - (-9 - (-10 + 13)))?
38
Calculate -2736 + 2803 + (-71 - -1).
-3
Evaluate 2 + 8 + -5 + -11 + 33.
27
-16 - -30 - (-6 + 19 - 11)
12
What is (22 - 18 - 6) + 15 + 29?
42
What is (-27 - (-21 + -4)) + (-62 - 3) - -8?
-59
Evaluate (11 - (19 - 27)) + -19 + -21.
-21
Evaluate 1 + (21 - -4) + (569 - 582).
13
-341 - -286 - (3 - (0 - (1 - (1 + -4))))
-62
Calculate -311 + 452 + 12 + -13.
140
Evaluate -4 + -1 + 33 + (-5 - -3) + -1.
25
What is the value of 34 - 6 - (-142 + 94)?
76
Calculate -608 + 599 + -2 + (-1 - -9).
-3
What is 2 + 4 + -14 + 5 + (11 - 14)?
-6
-8 + -29 + (14 - (84 + -49))
-58
37 - (32 + -5) - (-1 + (0 - (24 - 3)))
32
Calculate -5 + 14 + -5 + -1 + -12 + 20 + -6.
5
(-10 - -8) + (-11 - -1 - (-39 + 17 + 14))
-4
Evaluate 50 + -162 - (11 - 187).
64
Calculate (-56 - 0) + (-151 - -168).
-39
Calculate (-1 - -2) + -29 - (-18 + 149 + -122).
-37
What is (8 - (72 + 5)) + -29 + (-22 - -42)?
-78
What is the value of -1453 - -1441 - (3 - (10 + -7 - (2 + 101)))?
-115
Calculate (103 - 128) + (9 - 21 - 7).
-44
What is the value of 69 - (-18 - 2) - 60?
29
Calculate -14 - -1 - (-14 - ((-156 - -159) + -5 + 1)).
0
Calculate 45 + (21 - (40 - 70)) + 29.
125
What is 24 + -2 + (33 - (12 - -11)) + -17?
15
Evaluate -16 + (1150 + -1158 - (-42 - 1)).
19
Calculate -63 + (10 - -40 - 68) + (0 - -15).
-66
What is -36 + 42 - (-11 - (-6 + -16))?
-5
-4 - -48 - 11 - (-5 + (22 - 8))
24
What is the value of -122 - (-90 + -14 + -124)?
106
What is 4 + (-4 + 2 + 3 - (30 + -36 - -55))?
-44
What is (7 - (-2 + -13 + 70)) + (-29 - -39)?
-38
What is 1675 + -1709 + (0 - -16) + -2 + -54?
-74
What is the value of (-158 - 62) + 185 + (133 - 1)?
97
What is the value of 265 + -150 + -132 - (0 + 61)?
-78
(5 + -6 - 4) + (-276 - -117) + 109
-55
What is (-23 - (-39 - (0 - 22))) + 8?
2
What is 4 + 0 + -34 + (-232 - -235)?
-27
Wha